at is the greatest common factor of b and p?
4
Let a = 18 + -13. Let o be ((-12)/a)/((-18)/60). Calculate the highest common factor of 8 and o.
8
Suppose -10*v = -5*v + 5*u - 440, -3*v + 268 = 4*u. Calculate the highest common factor of 336 and v.
84
Let x(o) = -o**3 - 42*o**2 + 41*o - 66. Let p be x(-43). Calculate the greatest common factor of p and 56.
4
Let g be (4 - (-7)/(-1))*-48. Calculate the greatest common divisor of 252 and g.
36
Suppose -15 = -5*u, 11*y = 16*y + u - 83. Calculate the greatest common factor of 232 and y.
8
Let i = -124 - -119. Let h be (-932)/(-28) - i/(175/(-10)). What is the highest common divisor of 44 and h?
11
Let k be (1 + 1 - -4)*(-13)/(-2). Let p = k - 27. Calculate the highest common factor of p and 6.
6
Let r(g) = -g**3 - 24*g**2 + 82*g + 41. Let x be r(-27). What is the greatest common divisor of 238 and x?
14
Suppose -2*u = -3 + 5. Let c be (6/u)/(-3) + 32. Suppose -249 = -4*x + 2*b + 97, 0 = 4*x - 3*b - 349. Calculate the highest common factor of c and x.
17
Suppose 0 = 3*n - 4*r - 282, 0 = -5*n - r - 209 + 656. Let k(z) = -2*z**2 + 44*z - 24. Let j be k(21). What is the greatest common factor of n and j?
18
Let s(z) = z**2 - 12*z + 5. Let l be s(12). Let t be (-379)/(-5) - (-1)/l. What is the greatest common divisor of t and 19?
19
Let r be 130/(-715) - 2512/(-22). What is the highest common factor of r and 304?
38
Suppose 0 = -41*g + 30*g + 11583. Calculate the highest common factor of 81 and g.
81
Suppose 3*n + 72 = 3*z, -3*z - 26*n = -28*n - 68. Calculate the greatest common factor of z and 20.
20
Suppose -4*v + 0*l + 3*l = -719, -5*v - 2*l + 870 = 0. What is the greatest common factor of v and 11?
11
Suppose -6*a = -2*a + 3*m + 168, 0 = -2*m. Let u = a - -47. What is the greatest common factor of u and 55?
5
Suppose 6*y + 1 = 19. Suppose 5*f - 420 = y*f. Calculate the greatest common factor of f and 35.
35
Suppose h - 116 - 262 = -5*m, 3*m = 4*h - 1627. What is the greatest common divisor of h and 124?
31
Suppose 71*z - 5*g = 76*z - 130, -5*z + 4*g + 166 = 0. What is the greatest common divisor of z and 24?
6
Let n = 704 - 662. What is the greatest common factor of 798 and n?
42
Let j(y) = 3*y + 10. Let q be j(-13). Let w = 54 + q. Calculate the greatest common factor of w and 100.
25
Let i = 83 + -79. Suppose 5*d + 0*d = 10. Suppose 4*w - 48 = -3*n, 0 = d*n + 4*w - 0*w - 36. What is the highest common divisor of i and n?
4
Suppose -37 = -d - 2*d + a, 0 = -d + 3*a + 23. Suppose -239 = -4*f + 157. Calculate the greatest common divisor of d and f.
11
Let y(j) = -j**2 + 8*j + 1. Let q be y(3). Calculate the highest common factor of q and 2512.
16
Suppose v - 4 = -2, t + 2*v - 6 = 0. Let d be t*(21 - 4) + -5. Calculate the greatest common divisor of d and 58.
29
Let k = 2830 - 2055. What is the greatest common divisor of k and 25?
25
Let p(i) = i**3 + 14*i**2 - 8. Let o be p(-13). Let d be o/4 - 16/64. What is the greatest common divisor of d and 80?
40
Let y = 925 - 880. Suppose -4*z + 0*z + 20 = 0. Calculate the greatest common factor of z and y.
5
Let r be 5/(-4) - (-1012)/16. Let l = 110 - r. What is the greatest common divisor of l and 12?
12
Suppose 0 = -5*r + 5321 + 754. Suppose 0 = -10*v + 19*v - r. Calculate the highest common divisor of v and 15.
15
Let v be 31 + ((-6)/(7 + -4) - 1). Calculate the highest common factor of 91 and v.
7
Let q = 1191 - 1155. Calculate the greatest common divisor of 156 and q.
12
Let g be (-1)/3 + 9/((-324)/(-1992)). Calculate the greatest common factor of 209 and g.
11
Let v(b) = -b**3 - 20*b**2 - 41*b + 30. Let m be v(-18). Calculate the highest common factor of m and 495.
15
Suppose 0 = p + 2*q - 275, -4*p + 1375 = p - 5*q. What is the highest common factor of p and 25?
25
Let w be 0/(-7) + (-1 - -113). Let q be (25/(-10))/(2/(-4)). Suppose -42 + q = -2*j + i, j - 4*i - 36 = 0. Calculate the greatest common divisor of w and j.
16
Suppose -3*d = -4*q + 68, q + 8*d - 28 = 6*d. What is the highest common divisor of 5 and q?
5
Let h = -312 - -305. Suppose 91 = 5*o - 4*l - 31, -o + l + 24 = 0. Let g = h + o. Calculate the greatest common factor of g and 171.
19
Suppose 2*s + h + 199 = 0, 2*h - 301 = 3*s + 3*h. Let x be 680/s*18/(-5). Calculate the highest common factor of x and 32.
8
Let p be ((-15)/2 - -2)*-18. Let i be (-15)/30 - (-38)/4. Suppose -i = 2*g - 31. What is the greatest common divisor of g and p?
11
Suppose 110 = 4*m - 3*r - 87, -4*m + 4*r + 192 = 0. Suppose 0 = -4*f + 139 + m. What is the highest common divisor of 12 and f?
12
Let a(y) = -y**3 - 4*y**2 + 6*y - 14. Let q be a(-7). Let c = -54 + q. Calculate the greatest common factor of 185 and c.
37
Let n(c) = 23*c**2 - 4*c**2 - 8*c**2 + 18*c**2 + 1. Let v be n(-2). Let x(w) = 4*w + 1. Let g be x(3). Calculate the highest common divisor of v and g.
13
Suppose 2*w = -4, 3*s = 5*s - 5*w - 14. Let i = -50 + -3. Let j = s - i. What is the greatest common factor of j and 22?
11
Let n = -4 - -32. Suppose -2*j - 4*d = -46 + 18, -j = d - 11. Let f(k) = k**2 - 9*k + 12. Let g be f(j). What is the highest common factor of n and g?
4
Let p = 4 - 1. Suppose -h - p*h + 5*s - 8 = 0, 0 = 2*h - 2*s + 2. What is the highest common divisor of 1 and h?
1
Suppose 5*k - 301 - 304 = 0. Calculate the highest common divisor of 11 and k.
11
Let v = 75 - 52. Let z = v - 18. Suppose o - 132 = -4*p, -o + 0*o + 87 = -z*p. Calculate the greatest common factor of o and 14.
14
Let d(x) be the third derivative of -x**4/12 - 11*x**3/3 + 3*x**2. Let i be d(-8). Let t be (-26)/(-4) + (-3)/i. What is the highest common factor of t and 70?
7
Let t = 202 + -127. Let g be (8/(-24))/(1/(-84)). Let j = g - 13. What is the highest common divisor of j and t?
15
Let o(s) = 3*s**2 - 2*s. Let d be o(4). Suppose -1 = h - 3, -d = -2*a + 3*h. What is the highest common divisor of a and 253?
23
Suppose 4*y = 0, -2*a + 108 = -127*y + 129*y. Calculate the greatest common factor of 66 and a.
6
Suppose -7*d + 5*d - 102 = 0. Let r = d - -75. Calculate the greatest common factor of 12 and r.
12
Suppose -2*k - 56 = -156. Calculate the greatest common divisor of 200 and k.
50
Let v = 272 + -88. Suppose 0 = -5*s + z + 301, 12*z - 8*z + v = 3*s. Calculate the highest common factor of 20 and s.
20
Let h(f) = -4*f - 11. Let g be h(-5). Suppose -7*m + 4*m = -270. Calculate the greatest common factor of m and g.
9
Let o = 32 - 8. Let t = -16 + o. Calculate the highest common divisor of t and 12.
4
Let h be (-3)/(-1) + 88 + -7. Let t = 111 - 99. Calculate the greatest common factor of h and t.
12
Let u(i) = -42 + 0*i**2 - 7*i - i**2 + 38. Let w be u(-5). What is the highest common divisor of w and 12?
6
Suppose k + 5 = -15. Suppose 0*o - 4*o = 4*v - 12, -5*v = 10. Let g be o/(k/(-8)) - -37. What is the highest common divisor of g and 13?
13
Let g = 5 - 2. Suppose -3*i = -g*q + 105, -2*i + 125 = -3*q + 6*q. Suppose 2*n - 3*s = q, -43 = -4*n + 3*s + 44. What is the highest common factor of n and 6?
6
Let t be (-9)/(-1 - 2) - -42. Let p be 6/21 + 66/14. Calculate the highest common divisor of t and p.
5
Let q be (-1893)/(-6) + (77/14 - 6). Calculate the highest common factor of 45 and q.
45
Suppose -w = -4*w + 78. Let f(x) = -2*x - 19. Let o be f(-11). Suppose 0 = -o*y - 5*c + 682, 6*y - y - 1186 = 4*c. What is the highest common factor of w and y?
26
Let q(u) = 4*u + 8. Let s be q(-7). Let m = s + 28. Suppose -1 = -v + m. What is the greatest common factor of v and 63?
9
Let n(g) = 19*g**2 - 15*g - 27. Let z be n(-6). Calculate the greatest common factor of 9 and z.
9
Suppose 3 = -l - 1. Let u be (l - -1)*(-15)/9. What is the greatest common divisor of 15 and u?
5
Let z be (9 - 0 - 11)*(-275)/2. Calculate the highest common factor of z and 11.
11
Let m be 43/4 + (-1)/(-4). Let u = 54 - 43. What is the highest common factor of u and m?
11
Let m(i) = i**3 + 8*i**2 + 8*i + 15. Let x be m(-7). Let s = 14 - x. Suppose -3*z + g = -88, 30 + 92 = 4*z + g. Calculate the highest common divisor of z and s.
6
Let u be (-3)/(-5)*40/(-36)*-3. Let b(a) = -a**2 + 7*a + 3. Let t be b(6). Calculate the highest common divisor of t and u.
1
Let w(h) = -80*h**2. Let o be w(1). Let f = -36 - o. What is the highest common divisor of f and 22?
22
Suppose u - 39 = -2*u. Let o = 16 - 16. 